{"id":1505,"date":"2020-12-05T13:56:30","date_gmt":"2020-12-05T12:56:30","guid":{"rendered":"https:\/\/www.ak-ivkosice.sk\/?page_id=1505"},"modified":"2025-10-27T15:44:57","modified_gmt":"2025-10-27T14:44:57","slug":"o-mne","status":"publish","type":"page","link":"https:\/\/www.ak-ivkosice.sk\/index.php\/o-mne\/","title":{"rendered":"O mne"},"content":{"rendered":"\t\t<div data-elementor-type=\"wp-page\" data-elementor-id=\"1505\" class=\"elementor elementor-1505\">\n\t\t\t\t\t\t<section class=\"elementor-section elementor-top-section elementor-element elementor-element-7e53ef2 elementor-section-boxed elementor-section-height-default elementor-section-height-default\" data-id=\"7e53ef2\" data-element_type=\"section\">\n\t\t\t\t\t\t<div class=\"elementor-container elementor-column-gap-default\">\n\t\t\t\t\t<div class=\"elementor-column elementor-col-100 elementor-top-column elementor-element elementor-element-8d51217\" data-id=\"8d51217\" data-element_type=\"column\">\n\t\t\t<div class=\"elementor-widget-wrap elementor-element-populated\">\n\t\t\t\t\t\t<section class=\"elementor-section elementor-inner-section elementor-element elementor-element-407c250 elementor-section-boxed elementor-section-height-default elementor-section-height-default\" data-id=\"407c250\" data-element_type=\"section\">\n\t\t\t\t\t\t<div class=\"elementor-container elementor-column-gap-default\">\n\t\t\t\t\t<div class=\"elementor-column elementor-col-100 elementor-inner-column elementor-element elementor-element-f257f64\" data-id=\"f257f64\" data-element_type=\"column\">\n\t\t\t<div class=\"elementor-widget-wrap elementor-element-populated\">\n\t\t\t\t\t\t<div class=\"elementor-element elementor-element-7df7699 elementor-widget elementor-widget-image\" data-id=\"7df7699\" data-element_type=\"widget\" data-widget_type=\"image.default\">\n\t\t\t\t<div class=\"elementor-widget-container\">\n\t\t\t\t\t\t\t\t\t\t\t\t\t\t\t<img decoding=\"async\" src=\"https:\/\/www.ak-ivkosice.sk\/wp-content\/uploads\/elementor\/thumbs\/AKweb3_IMG_1924-1-scaled-rdttw9r2xlfpk9ajl6bis0b3jbpfb1o6d4saijd4tc.jpg\" title=\"JUDr. Ivan Vanko\" alt=\"JUDr. Ivan Vanko\" loading=\"lazy\" \/>\t\t\t\t\t\t\t\t\t\t\t\t\t\t\t<\/div>\n\t\t\t\t<\/div>\n\t\t\t\t<div class=\"elementor-element elementor-element-78afc6f elementor-widget elementor-widget-heading\" data-id=\"78afc6f\" data-element_type=\"widget\" data-widget_type=\"heading.default\">\n\t\t\t\t<div class=\"elementor-widget-container\">\n\t\t\t\t\t<h2 class=\"elementor-heading-title elementor-size-default\">JUDr. Ivan Vanko<\/h2>\t\t\t\t<\/div>\n\t\t\t\t<\/div>\n\t\t\t\t<div class=\"elementor-element elementor-element-c0a9ac9 elementor-widget elementor-widget-text-editor\" data-id=\"c0a9ac9\" data-element_type=\"widget\" data-widget_type=\"text-editor.default\">\n\t\t\t\t<div class=\"elementor-widget-container\">\n\t\t\t\t\t\t\t\t\t<p>Ako advok\u00e1t poskytujem pr\u00e1vne slu\u017eby od roku 2003, kedy som po 27 rokoch ukon\u010dil p\u00f4sobenie v rezorte prokurat\u00fary. Celkove pr\u00e1vnu prax vykon\u00e1vam 50-ty rok.<\/p><p>Po ukon\u010den\u00ed \u0161t\u00fadia na Pr\u00e1vnickej fakulte UPJ\u0160 v Ko\u0161iciach v roku 1976 som nast\u00fapil do rezortu prokurat\u00fary ako pr\u00e1vny \u010dakate\u013e, kde po absolvovan\u00ed \u010dakate\u013eskej praxe som za\u010d\u00ednal ako vy\u0161etrovate\u013e prokurat\u00fary na Okresnej prokurat\u00fare Ko\u0161ice-vidiek. N\u00e1sledne v rokoch 1980 \u2013 1984 som sa stal vy\u0161etrovate\u013eom Krajskej prokurat\u00fary v\u00a0Ko\u0161iciach. V\u00a0rokoch 1984 do polovice roka 1989 som vykon\u00e1val funkciu n\u00e1mestn\u00edka Mestsk\u00e9ho prokur\u00e1tora v Ko\u0161iciach pre \u00fasek vy\u0161etrovania na prokurat\u00fare. Od polovice roka 1989 do konca roku 1992 som p\u00f4sobil ako Okresn\u00fd prokur\u00e1tor v Ro\u017e\u0148ave. Pred reorganiz\u00e1ciou Mestskej prokurat\u00fary v Ko\u0161iciach v roku 1993 som sa vr\u00e1til do funkcie n\u00e1mestn\u00edka mestsk\u00e9ho prokur\u00e1tora a po jej rozdelen\u00ed som bol ustanoven\u00fd do funkcie Okresn\u00e9ho prokur\u00e1tora Ko\u0161ice II, ktor\u00fa som vykon\u00e1val do polovice roka 1999.<\/p><p>Advok\u00e1tsku prax som za\u010dal vykon\u00e1va\u0165, po vy\u0161e 27 ro\u010dnom p\u00f4soben\u00ed v\u00a0rezorte prokurat\u00fary, v\u00a0roku 2003 v advok\u00e1tskej kancel\u00e1rii Zdru\u017eenia advok\u00e1tov \u010coll\u00e1k, Weiczen, Vanko &amp; Partneri, ktor\u00e1 so zmenami bola na trhu pr\u00e1vnych slu\u017eieb viac ako 20 rokov. Po organiza\u010dn\u00fdch a\u00a0person\u00e1lnych zmen\u00e1ch som v\u00a0roku 2017 zalo\u017eil s\u00a0dc\u00e9rou Ivetou s\u00fa\u010dasn\u00fa samostatn\u00fa advok\u00e1tsku kancel\u00e1riu.<\/p><p>Vzh\u013eadom na dlhoro\u010dn\u00e9 sk\u00fasenosti je mojou \u0161pecializ\u00e1ciou oblas\u0165 trestn\u00e9ho pr\u00e1va a spr\u00e1vneho pr\u00e1va v procesnom zastupovan\u00ed v konaniach pred s\u00fadmi, \u0161t\u00e1tnymi org\u00e1nmi a org\u00e1nmi \u0161t\u00e1tnej spr\u00e1vy. V r\u00e1mci zabezpe\u010denia rie\u0161enia pr\u00e1vnych probl\u00e9mov klientov poskytujem \u00a0konzulta\u010dn\u00e9 pr\u00e1vne slu\u017eby aj v ostatn\u00fdch oblastiach pr\u00e1va. V\u00a0praxi spolupracujem s not\u00e1rmi, znalcami, ako aj s in\u00fdmi advok\u00e1tskymi kancel\u00e1riami a to v r\u00e1mci v\u00fdchodoslovensk\u00e9ho regi\u00f3nu,\u00a0 Slovenska i\u00a0v \u010ceskej republike.<\/p>\t\t\t\t\t\t\t\t<\/div>\n\t\t\t\t<\/div>\n\t\t\t\t<div class=\"elementor-element elementor-element-0eda4e7 gallery-spacing-custom elementor-widget elementor-widget-image-gallery\" data-id=\"0eda4e7\" data-element_type=\"widget\" data-widget_type=\"image-gallery.default\">\n\t\t\t\t<div class=\"elementor-widget-container\">\n\t\t\t\t\t\t\t<div class=\"elementor-image-gallery\">\n\t\t\t<div id='gallery-1' class='gallery galleryid-1505 gallery-columns-3 gallery-size-full'><figure class='gallery-item'>\n\t\t\t<div class='gallery-icon portrait'>\n\t\t\t\t<a data-elementor-open-lightbox=\"yes\" data-elementor-lightbox-slideshow=\"0eda4e7\" data-elementor-lightbox-title=\"IMG_5357\" data-e-action-hash=\"#elementor-action%3Aaction%3Dlightbox%26settings%3DeyJpZCI6MTY4MiwidXJsIjoiaHR0cHM6XC9cL3d3dy5hay1pdmtvc2ljZS5za1wvd3AtY29udGVudFwvdXBsb2Fkc1wvMjAyNVwvMDFcL0lNR181MzU3LmpwZyIsInNsaWRlc2hvdyI6IjBlZGE0ZTcifQ%3D%3D\" href='https:\/\/www.ak-ivkosice.sk\/wp-content\/uploads\/2025\/01\/IMG_5357.jpg'><img fetchpriority=\"high\" decoding=\"async\" width=\"1453\" height=\"1935\" src=\"https:\/\/www.ak-ivkosice.sk\/wp-content\/uploads\/2025\/01\/IMG_5357.jpg\" class=\"attachment-full size-full\" alt=\"\" srcset=\"https:\/\/www.ak-ivkosice.sk\/wp-content\/uploads\/2025\/01\/IMG_5357.jpg 1453w, https:\/\/www.ak-ivkosice.sk\/wp-content\/uploads\/2025\/01\/IMG_5357-225x300.jpg 225w, https:\/\/www.ak-ivkosice.sk\/wp-content\/uploads\/2025\/01\/IMG_5357-769x1024.jpg 769w, https:\/\/www.ak-ivkosice.sk\/wp-content\/uploads\/2025\/01\/IMG_5357-768x1023.jpg 768w, https:\/\/www.ak-ivkosice.sk\/wp-content\/uploads\/2025\/01\/IMG_5357-1153x1536.jpg 1153w\" sizes=\"(max-width: 1453px) 100vw, 1453px\" \/><\/a>\n\t\t\t<\/div><\/figure><figure class='gallery-item'>\n\t\t\t<div class='gallery-icon portrait'>\n\t\t\t\t<a data-elementor-open-lightbox=\"yes\" data-elementor-lightbox-slideshow=\"0eda4e7\" data-elementor-lightbox-title=\"IMG_6926\" data-e-action-hash=\"#elementor-action%3Aaction%3Dlightbox%26settings%3DeyJpZCI6MTY3OCwidXJsIjoiaHR0cHM6XC9cL3d3dy5hay1pdmtvc2ljZS5za1wvd3AtY29udGVudFwvdXBsb2Fkc1wvMjAyNVwvMDFcL0lNR182OTI2LXJvdGF0ZWQuanBnIiwic2xpZGVzaG93IjoiMGVkYTRlNyJ9\" href='https:\/\/www.ak-ivkosice.sk\/wp-content\/uploads\/2025\/01\/IMG_6926-rotated.jpg'><img decoding=\"async\" width=\"1512\" height=\"2016\" src=\"https:\/\/www.ak-ivkosice.sk\/wp-content\/uploads\/2025\/01\/IMG_6926-rotated.jpg\" class=\"attachment-full size-full\" alt=\"\" srcset=\"https:\/\/www.ak-ivkosice.sk\/wp-content\/uploads\/2025\/01\/IMG_6926-rotated.jpg 1512w, https:\/\/www.ak-ivkosice.sk\/wp-content\/uploads\/2025\/01\/IMG_6926-225x300.jpg 225w, https:\/\/www.ak-ivkosice.sk\/wp-content\/uploads\/2025\/01\/IMG_6926-768x1024.jpg 768w, https:\/\/www.ak-ivkosice.sk\/wp-content\/uploads\/2025\/01\/IMG_6926-1152x1536.jpg 1152w\" sizes=\"(max-width: 1512px) 100vw, 1512px\" \/><\/a>\n\t\t\t<\/div><\/figure><figure class='gallery-item'>\n\t\t\t<div class='gallery-icon portrait'>\n\t\t\t\t<a data-elementor-open-lightbox=\"yes\" data-elementor-lightbox-slideshow=\"0eda4e7\" data-elementor-lightbox-title=\"IMG_9805\" data-e-action-hash=\"#elementor-action%3Aaction%3Dlightbox%26settings%3DeyJpZCI6MTY4MSwidXJsIjoiaHR0cHM6XC9cL3d3dy5hay1pdmtvc2ljZS5za1wvd3AtY29udGVudFwvdXBsb2Fkc1wvMjAyNVwvMDFcL0lNR185ODA1LXJvdGF0ZWQuanBnIiwic2xpZGVzaG93IjoiMGVkYTRlNyJ9\" href='https:\/\/www.ak-ivkosice.sk\/wp-content\/uploads\/2025\/01\/IMG_9805-rotated.jpg'><img decoding=\"async\" width=\"1512\" height=\"2016\" src=\"https:\/\/www.ak-ivkosice.sk\/wp-content\/uploads\/2025\/01\/IMG_9805-rotated.jpg\" class=\"attachment-full size-full\" alt=\"\" srcset=\"https:\/\/www.ak-ivkosice.sk\/wp-content\/uploads\/2025\/01\/IMG_9805-rotated.jpg 1512w, https:\/\/www.ak-ivkosice.sk\/wp-content\/uploads\/2025\/01\/IMG_9805-225x300.jpg 225w, https:\/\/www.ak-ivkosice.sk\/wp-content\/uploads\/2025\/01\/IMG_9805-768x1024.jpg 768w, https:\/\/www.ak-ivkosice.sk\/wp-content\/uploads\/2025\/01\/IMG_9805-1152x1536.jpg 1152w\" sizes=\"(max-width: 1512px) 100vw, 1512px\" \/><\/a>\n\t\t\t<\/div><\/figure><figure class='gallery-item'>\n\t\t\t<div class='gallery-icon landscape'>\n\t\t\t\t<a data-elementor-open-lightbox=\"yes\" data-elementor-lightbox-slideshow=\"0eda4e7\" data-elementor-lightbox-title=\"IMG_5359\" data-e-action-hash=\"#elementor-action%3Aaction%3Dlightbox%26settings%3DeyJpZCI6MTY4MCwidXJsIjoiaHR0cHM6XC9cL3d3dy5hay1pdmtvc2ljZS5za1wvd3AtY29udGVudFwvdXBsb2Fkc1wvMjAyNVwvMDFcL0lNR181MzU5LmpwZyIsInNsaWRlc2hvdyI6IjBlZGE0ZTcifQ%3D%3D\" href='https:\/\/www.ak-ivkosice.sk\/wp-content\/uploads\/2025\/01\/IMG_5359.jpg'><img loading=\"lazy\" decoding=\"async\" width=\"1699\" height=\"1512\" src=\"https:\/\/www.ak-ivkosice.sk\/wp-content\/uploads\/2025\/01\/IMG_5359.jpg\" class=\"attachment-full size-full\" alt=\"\" srcset=\"https:\/\/www.ak-ivkosice.sk\/wp-content\/uploads\/2025\/01\/IMG_5359.jpg 1699w, https:\/\/www.ak-ivkosice.sk\/wp-content\/uploads\/2025\/01\/IMG_5359-300x267.jpg 300w, https:\/\/www.ak-ivkosice.sk\/wp-content\/uploads\/2025\/01\/IMG_5359-1024x911.jpg 1024w, https:\/\/www.ak-ivkosice.sk\/wp-content\/uploads\/2025\/01\/IMG_5359-768x683.jpg 768w, https:\/\/www.ak-ivkosice.sk\/wp-content\/uploads\/2025\/01\/IMG_5359-1536x1367.jpg 1536w\" sizes=\"(max-width: 1699px) 100vw, 1699px\" \/><\/a>\n\t\t\t<\/div><\/figure><figure class='gallery-item'>\n\t\t\t<div class='gallery-icon portrait'>\n\t\t\t\t<a data-elementor-open-lightbox=\"yes\" data-elementor-lightbox-slideshow=\"0eda4e7\" data-elementor-lightbox-title=\"IMG_9009\" data-e-action-hash=\"#elementor-action%3Aaction%3Dlightbox%26settings%3DeyJpZCI6MTY4MywidXJsIjoiaHR0cHM6XC9cL3d3dy5hay1pdmtvc2ljZS5za1wvd3AtY29udGVudFwvdXBsb2Fkc1wvMjAyNVwvMDFcL0lNR185MDA5LXJvdGF0ZWQuanBnIiwic2xpZGVzaG93IjoiMGVkYTRlNyJ9\" href='https:\/\/www.ak-ivkosice.sk\/wp-content\/uploads\/2025\/01\/IMG_9009-rotated.jpg'><img loading=\"lazy\" decoding=\"async\" width=\"1224\" height=\"1632\" src=\"https:\/\/www.ak-ivkosice.sk\/wp-content\/uploads\/2025\/01\/IMG_9009-rotated.jpg\" class=\"attachment-full size-full\" alt=\"\" srcset=\"https:\/\/www.ak-ivkosice.sk\/wp-content\/uploads\/2025\/01\/IMG_9009-rotated.jpg 1224w, https:\/\/www.ak-ivkosice.sk\/wp-content\/uploads\/2025\/01\/IMG_9009-225x300.jpg 225w, https:\/\/www.ak-ivkosice.sk\/wp-content\/uploads\/2025\/01\/IMG_9009-768x1024.jpg 768w, https:\/\/www.ak-ivkosice.sk\/wp-content\/uploads\/2025\/01\/IMG_9009-1152x1536.jpg 1152w\" sizes=\"(max-width: 1224px) 100vw, 1224px\" \/><\/a>\n\t\t\t<\/div><\/figure><figure class='gallery-item'>\n\t\t\t<div class='gallery-icon landscape'>\n\t\t\t\t<a data-elementor-open-lightbox=\"yes\" data-elementor-lightbox-slideshow=\"0eda4e7\" data-elementor-lightbox-title=\"IMG_8822\" data-e-action-hash=\"#elementor-action%3Aaction%3Dlightbox%26settings%3DeyJpZCI6MTY3NywidXJsIjoiaHR0cHM6XC9cL3d3dy5hay1pdmtvc2ljZS5za1wvd3AtY29udGVudFwvdXBsb2Fkc1wvMjAyNVwvMDFcL0lNR184ODIyLmpwZyIsInNsaWRlc2hvdyI6IjBlZGE0ZTcifQ%3D%3D\" href='https:\/\/www.ak-ivkosice.sk\/wp-content\/uploads\/2025\/01\/IMG_8822.jpg'><img loading=\"lazy\" decoding=\"async\" width=\"1280\" height=\"1231\" src=\"https:\/\/www.ak-ivkosice.sk\/wp-content\/uploads\/2025\/01\/IMG_8822.jpg\" class=\"attachment-full size-full\" alt=\"\" srcset=\"https:\/\/www.ak-ivkosice.sk\/wp-content\/uploads\/2025\/01\/IMG_8822.jpg 1280w, https:\/\/www.ak-ivkosice.sk\/wp-content\/uploads\/2025\/01\/IMG_8822-300x289.jpg 300w, https:\/\/www.ak-ivkosice.sk\/wp-content\/uploads\/2025\/01\/IMG_8822-1024x985.jpg 1024w, https:\/\/www.ak-ivkosice.sk\/wp-content\/uploads\/2025\/01\/IMG_8822-768x739.jpg 768w\" sizes=\"(max-width: 1280px) 100vw, 1280px\" \/><\/a>\n\t\t\t<\/div><\/figure>\n\t\t<\/div>\n\t\t<\/div>\n\t\t\t\t\t\t<\/div>\n\t\t\t\t<\/div>\n\t\t\t\t\t<\/div>\n\t\t<\/div>\n\t\t\t\t\t<\/div>\n\t\t<\/section>\n\t\t\t\t\t<\/div>\n\t\t<\/div>\n\t\t\t\t\t<\/div>\n\t\t<\/section>\n\t\t\t\t<\/div>\n\t\t","protected":false},"excerpt":{"rendered":"<p>JUDr. Ivan Vanko Ako advok\u00e1t poskytujem pr\u00e1vne slu\u017eby od roku 2003, kedy som po 27 rokoch ukon\u010dil p\u00f4sobenie v rezorte prokurat\u00fary. Celkove pr\u00e1vnu prax vykon\u00e1vam 50-ty rok. Po ukon\u010den\u00ed \u0161t\u00fadia &#8230;<\/p>\n","protected":false},"author":1,"featured_media":0,"parent":0,"menu_order":0,"comment_status":"closed","ping_status":"closed","template":"template-fullwidth.php","meta":{"_monsterinsights_skip_tracking":false,"_monsterinsights_sitenote_active":false,"_monsterinsights_sitenote_note":"","_monsterinsights_sitenote_category":0,"footnotes":""},"class_list":["post-1505","page","type-page","status-publish","hentry"],"yoast_head":"<!-- This site is optimized with the Yoast SEO plugin v26.2 - https:\/\/yoast.com\/wordpress\/plugins\/seo\/ -->\n<title>O mne - JUDr. Ivan Vanko<\/title>\n<meta name=\"description\" content=\"Pr\u00e1vne slu\u017eby ako advok\u00e1t poskytujem 18 rokov. V pr\u00e1vnej praxi p\u00f4sob\u00edm vy\u0161e 45 rokov.\" \/>\n<meta name=\"robots\" content=\"index, follow, max-snippet:-1, max-image-preview:large, max-video-preview:-1\" \/>\n<link rel=\"canonical\" href=\"https:\/\/www.ak-ivkosice.sk\/index.php\/o-mne\/\" \/>\n<meta property=\"og:locale\" content=\"sk_SK\" \/>\n<meta property=\"og:type\" content=\"article\" \/>\n<meta property=\"og:title\" content=\"O mne - JUDr. Ivan Vanko\" \/>\n<meta property=\"og:description\" content=\"Pr\u00e1vne slu\u017eby ako advok\u00e1t poskytujem 18 rokov. V pr\u00e1vnej praxi p\u00f4sob\u00edm vy\u0161e 45 rokov.\" \/>\n<meta property=\"og:url\" content=\"https:\/\/www.ak-ivkosice.sk\/index.php\/o-mne\/\" \/>\n<meta property=\"og:site_name\" content=\"JUDr. Ivan Vanko\" \/>\n<meta property=\"article:modified_time\" content=\"2025-10-27T14:44:57+00:00\" \/>\n<meta property=\"og:image\" content=\"https:\/\/www.ak-ivkosice.sk\/wp-content\/uploads\/elementor\/thumbs\/AKweb3_IMG_1924-1-scaled-rdttw9r2xlfpk9ajl6bis0b3jbpfb1o6d4saijd4tc.jpg\" \/>\n<meta name=\"twitter:card\" content=\"summary_large_image\" \/>\n<meta name=\"twitter:label1\" content=\"Predpokladan\u00fd \u010das \u010d\u00edtania\" \/>\n\t<meta name=\"twitter:data1\" content=\"3 min\u00faty\" \/>\n<script type=\"application\/ld+json\" class=\"yoast-schema-graph\">{\"@context\":\"https:\/\/schema.org\",\"@graph\":[{\"@type\":\"WebPage\",\"@id\":\"https:\/\/www.ak-ivkosice.sk\/index.php\/o-mne\/\",\"url\":\"https:\/\/www.ak-ivkosice.sk\/index.php\/o-mne\/\",\"name\":\"O mne - JUDr. Ivan Vanko\",\"isPartOf\":{\"@id\":\"https:\/\/www.ak-ivkosice.sk\/#website\"},\"primaryImageOfPage\":{\"@id\":\"https:\/\/www.ak-ivkosice.sk\/index.php\/o-mne\/#primaryimage\"},\"image\":{\"@id\":\"https:\/\/www.ak-ivkosice.sk\/index.php\/o-mne\/#primaryimage\"},\"thumbnailUrl\":\"https:\/\/www.ak-ivkosice.sk\/wp-content\/uploads\/elementor\/thumbs\/AKweb3_IMG_1924-1-scaled-rdttw9r2xlfpk9ajl6bis0b3jbpfb1o6d4saijd4tc.jpg\",\"datePublished\":\"2020-12-05T12:56:30+00:00\",\"dateModified\":\"2025-10-27T14:44:57+00:00\",\"description\":\"Pr\u00e1vne slu\u017eby ako advok\u00e1t poskytujem 18 rokov. V pr\u00e1vnej praxi p\u00f4sob\u00edm vy\u0161e 45 rokov.\",\"breadcrumb\":{\"@id\":\"https:\/\/www.ak-ivkosice.sk\/index.php\/o-mne\/#breadcrumb\"},\"inLanguage\":\"sk-SK\",\"potentialAction\":[{\"@type\":\"ReadAction\",\"target\":[\"https:\/\/www.ak-ivkosice.sk\/index.php\/o-mne\/\"]}]},{\"@type\":\"ImageObject\",\"inLanguage\":\"sk-SK\",\"@id\":\"https:\/\/www.ak-ivkosice.sk\/index.php\/o-mne\/#primaryimage\",\"url\":\"https:\/\/www.ak-ivkosice.sk\/wp-content\/uploads\/elementor\/thumbs\/AKweb3_IMG_1924-1-scaled-rdttw9r2xlfpk9ajl6bis0b3jbpfb1o6d4saijd4tc.jpg\",\"contentUrl\":\"https:\/\/www.ak-ivkosice.sk\/wp-content\/uploads\/elementor\/thumbs\/AKweb3_IMG_1924-1-scaled-rdttw9r2xlfpk9ajl6bis0b3jbpfb1o6d4saijd4tc.jpg\"},{\"@type\":\"BreadcrumbList\",\"@id\":\"https:\/\/www.ak-ivkosice.sk\/index.php\/o-mne\/#breadcrumb\",\"itemListElement\":[{\"@type\":\"ListItem\",\"position\":1,\"name\":\"Domovsk\u00e1 str\u00e1nka\",\"item\":\"https:\/\/www.ak-ivkosice.sk\/\"},{\"@type\":\"ListItem\",\"position\":2,\"name\":\"O mne\"}]},{\"@type\":\"WebSite\",\"@id\":\"https:\/\/www.ak-ivkosice.sk\/#website\",\"url\":\"https:\/\/www.ak-ivkosice.sk\/\",\"name\":\"JUDr. Ivan Vanko\",\"description\":\"50 YEARS OF EXPERIENCE\",\"publisher\":{\"@id\":\"https:\/\/www.ak-ivkosice.sk\/#organization\"},\"potentialAction\":[{\"@type\":\"SearchAction\",\"target\":{\"@type\":\"EntryPoint\",\"urlTemplate\":\"https:\/\/www.ak-ivkosice.sk\/?s={search_term_string}\"},\"query-input\":{\"@type\":\"PropertyValueSpecification\",\"valueRequired\":true,\"valueName\":\"search_term_string\"}}],\"inLanguage\":\"sk-SK\"},{\"@type\":\"Organization\",\"@id\":\"https:\/\/www.ak-ivkosice.sk\/#organization\",\"name\":\"JUDr. Ivan Vanko\",\"url\":\"https:\/\/www.ak-ivkosice.sk\/\",\"logo\":{\"@type\":\"ImageObject\",\"inLanguage\":\"sk-SK\",\"@id\":\"https:\/\/www.ak-ivkosice.sk\/#\/schema\/logo\/image\/\",\"url\":\"https:\/\/www.ak-ivkosice.sk\/wp-content\/uploads\/2020\/12\/cropped-imgonline-com-ua-Transparent-background-6Y2y42SQgxkAHD8-e1586862593837.png\",\"contentUrl\":\"https:\/\/www.ak-ivkosice.sk\/wp-content\/uploads\/2020\/12\/cropped-imgonline-com-ua-Transparent-background-6Y2y42SQgxkAHD8-e1586862593837.png\",\"width\":80,\"height\":82,\"caption\":\"JUDr. Ivan Vanko\"},\"image\":{\"@id\":\"https:\/\/www.ak-ivkosice.sk\/#\/schema\/logo\/image\/\"}}]}<\/script>\n<!-- \/ Yoast SEO plugin. -->","yoast_head_json":{"title":"O mne - JUDr. Ivan Vanko","description":"Pr\u00e1vne slu\u017eby ako advok\u00e1t poskytujem 18 rokov. V pr\u00e1vnej praxi p\u00f4sob\u00edm vy\u0161e 45 rokov.","robots":{"index":"index","follow":"follow","max-snippet":"max-snippet:-1","max-image-preview":"max-image-preview:large","max-video-preview":"max-video-preview:-1"},"canonical":"https:\/\/www.ak-ivkosice.sk\/index.php\/o-mne\/","og_locale":"sk_SK","og_type":"article","og_title":"O mne - JUDr. Ivan Vanko","og_description":"Pr\u00e1vne slu\u017eby ako advok\u00e1t poskytujem 18 rokov. V pr\u00e1vnej praxi p\u00f4sob\u00edm vy\u0161e 45 rokov.","og_url":"https:\/\/www.ak-ivkosice.sk\/index.php\/o-mne\/","og_site_name":"JUDr. Ivan Vanko","article_modified_time":"2025-10-27T14:44:57+00:00","og_image":[{"url":"https:\/\/www.ak-ivkosice.sk\/wp-content\/uploads\/elementor\/thumbs\/AKweb3_IMG_1924-1-scaled-rdttw9r2xlfpk9ajl6bis0b3jbpfb1o6d4saijd4tc.jpg","type":"","width":"","height":""}],"twitter_card":"summary_large_image","twitter_misc":{"Predpokladan\u00fd \u010das \u010d\u00edtania":"3 min\u00faty"},"schema":{"@context":"https:\/\/schema.org","@graph":[{"@type":"WebPage","@id":"https:\/\/www.ak-ivkosice.sk\/index.php\/o-mne\/","url":"https:\/\/www.ak-ivkosice.sk\/index.php\/o-mne\/","name":"O mne - JUDr. Ivan Vanko","isPartOf":{"@id":"https:\/\/www.ak-ivkosice.sk\/#website"},"primaryImageOfPage":{"@id":"https:\/\/www.ak-ivkosice.sk\/index.php\/o-mne\/#primaryimage"},"image":{"@id":"https:\/\/www.ak-ivkosice.sk\/index.php\/o-mne\/#primaryimage"},"thumbnailUrl":"https:\/\/www.ak-ivkosice.sk\/wp-content\/uploads\/elementor\/thumbs\/AKweb3_IMG_1924-1-scaled-rdttw9r2xlfpk9ajl6bis0b3jbpfb1o6d4saijd4tc.jpg","datePublished":"2020-12-05T12:56:30+00:00","dateModified":"2025-10-27T14:44:57+00:00","description":"Pr\u00e1vne slu\u017eby ako advok\u00e1t poskytujem 18 rokov. V pr\u00e1vnej praxi p\u00f4sob\u00edm vy\u0161e 45 rokov.","breadcrumb":{"@id":"https:\/\/www.ak-ivkosice.sk\/index.php\/o-mne\/#breadcrumb"},"inLanguage":"sk-SK","potentialAction":[{"@type":"ReadAction","target":["https:\/\/www.ak-ivkosice.sk\/index.php\/o-mne\/"]}]},{"@type":"ImageObject","inLanguage":"sk-SK","@id":"https:\/\/www.ak-ivkosice.sk\/index.php\/o-mne\/#primaryimage","url":"https:\/\/www.ak-ivkosice.sk\/wp-content\/uploads\/elementor\/thumbs\/AKweb3_IMG_1924-1-scaled-rdttw9r2xlfpk9ajl6bis0b3jbpfb1o6d4saijd4tc.jpg","contentUrl":"https:\/\/www.ak-ivkosice.sk\/wp-content\/uploads\/elementor\/thumbs\/AKweb3_IMG_1924-1-scaled-rdttw9r2xlfpk9ajl6bis0b3jbpfb1o6d4saijd4tc.jpg"},{"@type":"BreadcrumbList","@id":"https:\/\/www.ak-ivkosice.sk\/index.php\/o-mne\/#breadcrumb","itemListElement":[{"@type":"ListItem","position":1,"name":"Domovsk\u00e1 str\u00e1nka","item":"https:\/\/www.ak-ivkosice.sk\/"},{"@type":"ListItem","position":2,"name":"O mne"}]},{"@type":"WebSite","@id":"https:\/\/www.ak-ivkosice.sk\/#website","url":"https:\/\/www.ak-ivkosice.sk\/","name":"JUDr. Ivan Vanko","description":"50 YEARS OF EXPERIENCE","publisher":{"@id":"https:\/\/www.ak-ivkosice.sk\/#organization"},"potentialAction":[{"@type":"SearchAction","target":{"@type":"EntryPoint","urlTemplate":"https:\/\/www.ak-ivkosice.sk\/?s={search_term_string}"},"query-input":{"@type":"PropertyValueSpecification","valueRequired":true,"valueName":"search_term_string"}}],"inLanguage":"sk-SK"},{"@type":"Organization","@id":"https:\/\/www.ak-ivkosice.sk\/#organization","name":"JUDr. Ivan Vanko","url":"https:\/\/www.ak-ivkosice.sk\/","logo":{"@type":"ImageObject","inLanguage":"sk-SK","@id":"https:\/\/www.ak-ivkosice.sk\/#\/schema\/logo\/image\/","url":"https:\/\/www.ak-ivkosice.sk\/wp-content\/uploads\/2020\/12\/cropped-imgonline-com-ua-Transparent-background-6Y2y42SQgxkAHD8-e1586862593837.png","contentUrl":"https:\/\/www.ak-ivkosice.sk\/wp-content\/uploads\/2020\/12\/cropped-imgonline-com-ua-Transparent-background-6Y2y42SQgxkAHD8-e1586862593837.png","width":80,"height":82,"caption":"JUDr. Ivan Vanko"},"image":{"@id":"https:\/\/www.ak-ivkosice.sk\/#\/schema\/logo\/image\/"}}]}},"_links":{"self":[{"href":"https:\/\/www.ak-ivkosice.sk\/index.php\/wp-json\/wp\/v2\/pages\/1505","targetHints":{"allow":["GET"]}}],"collection":[{"href":"https:\/\/www.ak-ivkosice.sk\/index.php\/wp-json\/wp\/v2\/pages"}],"about":[{"href":"https:\/\/www.ak-ivkosice.sk\/index.php\/wp-json\/wp\/v2\/types\/page"}],"author":[{"embeddable":true,"href":"https:\/\/www.ak-ivkosice.sk\/index.php\/wp-json\/wp\/v2\/users\/1"}],"replies":[{"embeddable":true,"href":"https:\/\/www.ak-ivkosice.sk\/index.php\/wp-json\/wp\/v2\/comments?post=1505"}],"version-history":[{"count":64,"href":"https:\/\/www.ak-ivkosice.sk\/index.php\/wp-json\/wp\/v2\/pages\/1505\/revisions"}],"predecessor-version":[{"id":1712,"href":"https:\/\/www.ak-ivkosice.sk\/index.php\/wp-json\/wp\/v2\/pages\/1505\/revisions\/1712"}],"wp:attachment":[{"href":"https:\/\/www.ak-ivkosice.sk\/index.php\/wp-json\/wp\/v2\/media?parent=1505"}],"curies":[{"name":"wp","href":"https:\/\/api.w.org\/{rel}","templated":true}]}}